{"id":78,"date":"2019-07-23T19:20:27","date_gmt":"2019-07-23T19:20:27","guid":{"rendered":"https:\/\/viverosalmendral.cl\/cat\/?post_type=product&#038;p=78"},"modified":"2019-07-23T19:20:27","modified_gmt":"2019-07-23T19:20:27","slug":"brachichito-hoja-chica-brachychiton-populneus","status":"publish","type":"product","link":"https:\/\/viverosalmendral.cl\/cat\/producto\/brachichito-hoja-chica-brachychiton-populneus\/","title":{"rendered":"Brachichito hoja chica (Brachychiton populneus)"},"content":{"rendered":"<div id=\"productDescription\" class=\"productGeneral biggerText\">\n<p>\u00c1rbol siempreverde de 10-12 m de altura, con la copa densa y piramidal. Tronco recto generalmente, con la corteza lisa y verdosa, ranurada. Ramas exteriores colgantes. Hojas alternas, de 6-8 cm de longitud, con largo pec\u00edolo, de color verde oscuro y de forma variable a\u00fan en el mismo \u00e1rbol.<\/p>\n<p>La forma normal adulta es ovada, con el \u00e1pice muy pronunciado y la nerviaci\u00f3n marcada. En ocasiones tienen 3-5 l\u00f3bulos. Flores numerosas, acampanadas, de 1 cm de di\u00e1metro, de color blanco-amarillento y puntos rojizos en el interior. Florece en Abril-Mayo. Fruto en c\u00e1psula le\u00f1osa dehiscente (fol\u00edculo), de unos 7 cm de longitud y de color negruzco en la madurez. Las semillas son de color amarillo y est\u00e1n recubiertas de pelillos irritantes al tacto.<\/p>\n<\/div>\n","protected":false},"excerpt":{"rendered":"<p>\u00c1rbol siempreverde de 10-12 m de altura, con la copa densa y piramidal. Tronco recto generalmente, con la corteza lisa y verdosa, ranurada. Ramas exteriores colgantes. Hojas alternas, de 6-8 cm de longitud, con largo pec\u00edolo, de color verde oscuro y de forma variable a\u00fan en el mismo \u00e1rbol. La forma normal adulta es ovada, [&hellip;]<\/p>\n","protected":false},"featured_media":79,"comment_status":"open","ping_status":"closed","template":"","meta":[],"product_brand":[],"product_cat":[17],"product_tag":[21],"class_list":{"0":"post-78","1":"product","2":"type-product","3":"status-publish","4":"has-post-thumbnail","6":"product_cat-arboles","7":"product_tag-brachichitp","9":"first","10":"instock","11":"shipping-taxable","12":"product-type-simple"},"_links":{"self":[{"href":"https:\/\/viverosalmendral.cl\/cat\/wp-json\/wp\/v2\/product\/78","targetHints":{"allow":["GET"]}}],"collection":[{"href":"https:\/\/viverosalmendral.cl\/cat\/wp-json\/wp\/v2\/product"}],"about":[{"href":"https:\/\/viverosalmendral.cl\/cat\/wp-json\/wp\/v2\/types\/product"}],"replies":[{"embeddable":true,"href":"https:\/\/viverosalmendral.cl\/cat\/wp-json\/wp\/v2\/comments?post=78"}],"version-history":[{"count":0,"href":"https:\/\/viverosalmendral.cl\/cat\/wp-json\/wp\/v2\/product\/78\/revisions"}],"wp:featuredmedia":[{"embeddable":true,"href":"https:\/\/viverosalmendral.cl\/cat\/wp-json\/wp\/v2\/media\/79"}],"wp:attachment":[{"href":"https:\/\/viverosalmendral.cl\/cat\/wp-json\/wp\/v2\/media?parent=78"}],"wp:term":[{"taxonomy":"product_brand","embeddable":true,"href":"https:\/\/viverosalmendral.cl\/cat\/wp-json\/wp\/v2\/product_brand?post=78"},{"taxonomy":"product_cat","embeddable":true,"href":"https:\/\/viverosalmendral.cl\/cat\/wp-json\/wp\/v2\/product_cat?post=78"},{"taxonomy":"product_tag","embeddable":true,"href":"https:\/\/viverosalmendral.cl\/cat\/wp-json\/wp\/v2\/product_tag?post=78"}],"curies":[{"name":"wp","href":"https:\/\/api.w.org\/{rel}","templated":true}]}}