{"id":208,"date":"2019-07-30T14:08:49","date_gmt":"2019-07-30T14:08:49","guid":{"rendered":"https:\/\/viverosalmendral.cl\/cat\/?post_type=product&#038;p=208"},"modified":"2019-07-30T14:08:49","modified_gmt":"2019-07-30T14:08:49","slug":"lavanda-francesa-lavandula-officinalis","status":"publish","type":"product","link":"https:\/\/viverosalmendral.cl\/cat\/producto\/lavanda-francesa-lavandula-officinalis\/","title":{"rendered":"Lavanda Francesa (Lavandula officinalis)"},"content":{"rendered":"<p>Forma peque\u00f1as matas con sumidades floridas cortas sin ramificaciones. Dado que su espiga floral puede tener varios aspectos tanto en su forma como en su color, se podr\u00e1 utilizar el t\u00e9rmino \u201clavanda angustifolia de poblaci\u00f3n\u201d.<\/p>\n<p>Presenta hojas opuestas, simples, enteras y pinnat\u00edfidas. Posee inflorescencias de tipo verticilastro dispuestas en pisos separados a lo largo del eje flor\u00edfero, axilados por br\u00e1cteas \u00abflorales\u00bb, y una corona de br\u00e1cteas que aparecen a lo alto de la inflorescencia, cuya funci\u00f3n es atraer a los insectos polinizadores.<\/p>\n<p>Las flores son de color azul-viol\u00e1ceo, peque\u00f1as, con un c\u00e1liz tubular, casi actinomorfo, acostillado con 5 dientes cortos y un ap\u00e9ndice romboidal en la parte superior. La corola es bilabiada, con el labio superior recto, erguido, formado por dos l\u00f3bulos. El labio inferior es trilobado. Poseen cuatro estambres, did\u00ednamos y el ovario dividido en cuatro partes. El fruto se presenta en tetran\u00facula.<\/p>\n<p>La planta florece en verano y la recolecta de las flores para uso medicinal se lleva a cabo en los meses de julio y agosto.<\/p>\n","protected":false},"excerpt":{"rendered":"<p>Forma peque\u00f1as matas con sumidades floridas cortas sin ramificaciones. Dado que su espiga floral puede tener varios aspectos tanto en su forma como en su color, se podr\u00e1 utilizar el t\u00e9rmino \u201clavanda angustifolia de poblaci\u00f3n\u201d.<\/p>\n<p>Presenta hojas opuestas, simples, enteras y pinnat\u00edfidas. Posee inflorescencias de tipo verticilastro dispuestas en pisos separados a lo largo del eje flor\u00edfero, axilados por br\u00e1cteas \u00abflorales\u00bb, y una corona de br\u00e1cteas que aparecen a lo alto de la inflorescencia, cuya funci\u00f3n es atraer a los insectos polinizadores.<\/p>\n","protected":false},"featured_media":210,"comment_status":"open","ping_status":"closed","template":"","meta":[],"product_brand":[],"product_cat":[25],"product_tag":[50],"class_list":{"0":"post-208","1":"product","2":"type-product","3":"status-publish","4":"has-post-thumbnail","6":"product_cat-arbustos","7":"product_tag-lavanda","9":"first","10":"instock","11":"shipping-taxable","12":"product-type-simple"},"_links":{"self":[{"href":"https:\/\/viverosalmendral.cl\/cat\/wp-json\/wp\/v2\/product\/208","targetHints":{"allow":["GET"]}}],"collection":[{"href":"https:\/\/viverosalmendral.cl\/cat\/wp-json\/wp\/v2\/product"}],"about":[{"href":"https:\/\/viverosalmendral.cl\/cat\/wp-json\/wp\/v2\/types\/product"}],"replies":[{"embeddable":true,"href":"https:\/\/viverosalmendral.cl\/cat\/wp-json\/wp\/v2\/comments?post=208"}],"version-history":[{"count":0,"href":"https:\/\/viverosalmendral.cl\/cat\/wp-json\/wp\/v2\/product\/208\/revisions"}],"wp:featuredmedia":[{"embeddable":true,"href":"https:\/\/viverosalmendral.cl\/cat\/wp-json\/wp\/v2\/media\/210"}],"wp:attachment":[{"href":"https:\/\/viverosalmendral.cl\/cat\/wp-json\/wp\/v2\/media?parent=208"}],"wp:term":[{"taxonomy":"product_brand","embeddable":true,"href":"https:\/\/viverosalmendral.cl\/cat\/wp-json\/wp\/v2\/product_brand?post=208"},{"taxonomy":"product_cat","embeddable":true,"href":"https:\/\/viverosalmendral.cl\/cat\/wp-json\/wp\/v2\/product_cat?post=208"},{"taxonomy":"product_tag","embeddable":true,"href":"https:\/\/viverosalmendral.cl\/cat\/wp-json\/wp\/v2\/product_tag?post=208"}],"curies":[{"name":"wp","href":"https:\/\/api.w.org\/{rel}","templated":true}]}}