{"id":180,"date":"2019-07-30T13:41:24","date_gmt":"2019-07-30T13:41:24","guid":{"rendered":"https:\/\/viverosalmendral.cl\/cat\/?post_type=product&#038;p=180"},"modified":"2023-01-11T13:29:21","modified_gmt":"2023-01-11T13:29:21","slug":"crataegus-crataegus-oxyacantha","status":"publish","type":"product","link":"https:\/\/viverosalmendral.cl\/cat\/producto\/crataegus-crataegus-oxyacantha\/","title":{"rendered":"Crataegus (Crataegus oxyacantha)"},"content":{"rendered":"<p>Es un arbusto espinoso denso que puede alcanzar los 9 metros de altura. Las hojas son verdes brillante, peque\u00f1as, poco lobadas y finamente dentadas. Las flores blancas de p\u00e9talos redondeados que se agrupan en corimbos olorosos, tienen cinco s\u00e9palos triangulares y cinco p\u00e9talos blancos o ligeramente rosados. El fruto es una drupa de color rojo brillante y con forma de manzana que tiene 2-3 huesos (la especie Crataegus monogyna tiene solo uno)<\/p>\n","protected":false},"excerpt":{"rendered":"<p>Es un arbusto espinoso denso que puede alcanzar los 9 metros de altura. Las hojas son verdes brillante, peque\u00f1as, poco lobadas y finamente dentadas. Las flores blancas de p\u00e9talos redondeados que se agrupan en corimbos olorosos, tienen cinco s\u00e9palos triangulares y cinco p\u00e9talos blancos o ligeramente rosados. El fruto es una drupa de color rojo brillante y con forma de manzana que tiene 2-3 huesos (la especie Crataegus monogyna tiene solo uno)<\/p>\n","protected":false},"featured_media":181,"comment_status":"open","ping_status":"closed","template":"","meta":[],"product_brand":[],"product_cat":[25],"product_tag":[41],"class_list":{"0":"post-180","1":"product","2":"type-product","3":"status-publish","4":"has-post-thumbnail","6":"product_cat-arbustos","7":"product_tag-crataegus","9":"first","10":"instock","11":"shipping-taxable","12":"product-type-simple"},"_links":{"self":[{"href":"https:\/\/viverosalmendral.cl\/cat\/wp-json\/wp\/v2\/product\/180","targetHints":{"allow":["GET"]}}],"collection":[{"href":"https:\/\/viverosalmendral.cl\/cat\/wp-json\/wp\/v2\/product"}],"about":[{"href":"https:\/\/viverosalmendral.cl\/cat\/wp-json\/wp\/v2\/types\/product"}],"replies":[{"embeddable":true,"href":"https:\/\/viverosalmendral.cl\/cat\/wp-json\/wp\/v2\/comments?post=180"}],"version-history":[{"count":0,"href":"https:\/\/viverosalmendral.cl\/cat\/wp-json\/wp\/v2\/product\/180\/revisions"}],"wp:featuredmedia":[{"embeddable":true,"href":"https:\/\/viverosalmendral.cl\/cat\/wp-json\/wp\/v2\/media\/181"}],"wp:attachment":[{"href":"https:\/\/viverosalmendral.cl\/cat\/wp-json\/wp\/v2\/media?parent=180"}],"wp:term":[{"taxonomy":"product_brand","embeddable":true,"href":"https:\/\/viverosalmendral.cl\/cat\/wp-json\/wp\/v2\/product_brand?post=180"},{"taxonomy":"product_cat","embeddable":true,"href":"https:\/\/viverosalmendral.cl\/cat\/wp-json\/wp\/v2\/product_cat?post=180"},{"taxonomy":"product_tag","embeddable":true,"href":"https:\/\/viverosalmendral.cl\/cat\/wp-json\/wp\/v2\/product_tag?post=180"}],"curies":[{"name":"wp","href":"https:\/\/api.w.org\/{rel}","templated":true}]}}